{"id":160,"date":"2019-06-21T13:40:06","date_gmt":"2019-06-21T11:40:06","guid":{"rendered":"http:\/\/lumynescence.fr\/?page_id=160"},"modified":"2019-06-21T18:20:11","modified_gmt":"2019-06-21T16:20:11","slug":"quels-sont-nos-outils","status":"publish","type":"page","link":"https:\/\/lumynescence.fr\/index.php\/quels-sont-nos-outils\/","title":{"rendered":"Quels sont nos outils ?"},"content":{"rendered":"\n<figure class=\"wp-block-image\"><img fetchpriority=\"high\" decoding=\"async\" width=\"1024\" height=\"361\" src=\"https:\/\/lumynescence.fr\/wp-content\/uploads\/2019\/06\/engrenages2000-1024x361.jpeg\" alt=\"\" class=\"wp-image-223\" srcset=\"https:\/\/lumynescence.fr\/wp-content\/uploads\/2019\/06\/engrenages2000-1024x361.jpeg 1024w, https:\/\/lumynescence.fr\/wp-content\/uploads\/2019\/06\/engrenages2000-300x106.jpeg 300w, https:\/\/lumynescence.fr\/wp-content\/uploads\/2019\/06\/engrenages2000-768x271.jpeg 768w, https:\/\/lumynescence.fr\/wp-content\/uploads\/2019\/06\/engrenages2000.jpeg 2000w\" sizes=\"(max-width: 1024px) 100vw, 1024px\" \/><\/figure>\n\n\n\n<p style=\"font-size:15px\" class=\"has-text-color has-drop-cap has-very-dark-gray-color\">\n\n\n\n\n\n\n\n\n\n\n\n\n\n\n\n\nLes\noutils issus de la formation Coach &amp; Team de Vincent Lenhardt<br>\nUne approche individuelle et collective via Management Drives<br>\nDes outils issus de notre pratique&nbsp;: co-d\u00e9veloppement, \u00e9l\u00e9ments de Gestalt,\ncommunication non violente \u2026\n\n\n\n<\/p>\n","protected":false},"excerpt":{"rendered":"<p>Les outils issus de la formation Coach &amp; Team de Vincent Lenhardt Une approche individuelle et collective via Management Drives Des outils issus de notre pratique&nbsp;: co-d\u00e9veloppement, \u00e9l\u00e9ments de Gestalt, communication non violente \u2026<\/p>\n","protected":false},"author":1,"featured_media":0,"parent":0,"menu_order":0,"comment_status":"closed","ping_status":"closed","template":"","meta":{"footnotes":""},"class_list":["post-160","page","type-page","status-publish","hentry"],"aioseo_notices":[],"yoast_head":"<!-- This site is optimized with the Yoast SEO plugin v27.3 - https:\/\/yoast.com\/product\/yoast-seo-wordpress\/ -->\n<title>Quels sont nos outils ? -<\/title>\n<meta name=\"description\" content=\"Remettre l&#039;Humain au Coeur de l&#039;entreprise\" \/>\n<meta name=\"robots\" content=\"index, follow, max-snippet:-1, max-image-preview:large, max-video-preview:-1\" \/>\n<link rel=\"canonical\" href=\"https:\/\/lumynescence.fr\/index.php\/quels-sont-nos-outils\/\" \/>\n<meta property=\"og:locale\" content=\"fr_FR\" \/>\n<meta property=\"og:type\" content=\"article\" \/>\n<meta property=\"og:title\" content=\"Quels sont nos outils ? -\" \/>\n<meta property=\"og:description\" content=\"Remettre l&#039;Humain au Coeur de l&#039;entreprise\" \/>\n<meta property=\"og:url\" content=\"https:\/\/lumynescence.fr\/index.php\/quels-sont-nos-outils\/\" \/>\n<meta property=\"article:modified_time\" content=\"2019-06-21T16:20:11+00:00\" \/>\n<meta property=\"og:image\" content=\"http:\/\/lumynescence.fr\/wp-content\/uploads\/2019\/06\/engrenages2000-1024x361.jpeg\" \/>\n<meta name=\"twitter:card\" content=\"summary_large_image\" \/>\n<script type=\"application\/ld+json\" class=\"yoast-schema-graph\">{\"@context\":\"https:\\\/\\\/schema.org\",\"@graph\":[{\"@type\":\"WebPage\",\"@id\":\"https:\\\/\\\/lumynescence.fr\\\/index.php\\\/quels-sont-nos-outils\\\/\",\"url\":\"https:\\\/\\\/lumynescence.fr\\\/index.php\\\/quels-sont-nos-outils\\\/\",\"name\":\"Quels sont nos outils ? -\",\"isPartOf\":{\"@id\":\"https:\\\/\\\/lumynescence.fr\\\/#website\"},\"primaryImageOfPage\":{\"@id\":\"https:\\\/\\\/lumynescence.fr\\\/index.php\\\/quels-sont-nos-outils\\\/#primaryimage\"},\"image\":{\"@id\":\"https:\\\/\\\/lumynescence.fr\\\/index.php\\\/quels-sont-nos-outils\\\/#primaryimage\"},\"thumbnailUrl\":\"http:\\\/\\\/lumynescence.fr\\\/wp-content\\\/uploads\\\/2019\\\/06\\\/engrenages2000-1024x361.jpeg\",\"datePublished\":\"2019-06-21T11:40:06+00:00\",\"dateModified\":\"2019-06-21T16:20:11+00:00\",\"description\":\"Remettre l'Humain au Coeur de l'entreprise\",\"breadcrumb\":{\"@id\":\"https:\\\/\\\/lumynescence.fr\\\/index.php\\\/quels-sont-nos-outils\\\/#breadcrumb\"},\"inLanguage\":\"fr-FR\",\"potentialAction\":[{\"@type\":\"ReadAction\",\"target\":[\"https:\\\/\\\/lumynescence.fr\\\/index.php\\\/quels-sont-nos-outils\\\/\"]}]},{\"@type\":\"ImageObject\",\"inLanguage\":\"fr-FR\",\"@id\":\"https:\\\/\\\/lumynescence.fr\\\/index.php\\\/quels-sont-nos-outils\\\/#primaryimage\",\"url\":\"https:\\\/\\\/lumynescence.fr\\\/wp-content\\\/uploads\\\/2019\\\/06\\\/engrenages2000.jpeg\",\"contentUrl\":\"https:\\\/\\\/lumynescence.fr\\\/wp-content\\\/uploads\\\/2019\\\/06\\\/engrenages2000.jpeg\",\"width\":2000,\"height\":706},{\"@type\":\"BreadcrumbList\",\"@id\":\"https:\\\/\\\/lumynescence.fr\\\/index.php\\\/quels-sont-nos-outils\\\/#breadcrumb\",\"itemListElement\":[{\"@type\":\"ListItem\",\"position\":1,\"name\":\"Accueil\",\"item\":\"https:\\\/\\\/lumynescence.fr\\\/\"},{\"@type\":\"ListItem\",\"position\":2,\"name\":\"Quels sont nos outils ?\"}]},{\"@type\":\"WebSite\",\"@id\":\"https:\\\/\\\/lumynescence.fr\\\/#website\",\"url\":\"https:\\\/\\\/lumynescence.fr\\\/\",\"name\":\"\",\"description\":\"\",\"publisher\":{\"@id\":\"https:\\\/\\\/lumynescence.fr\\\/#organization\"},\"potentialAction\":[{\"@type\":\"SearchAction\",\"target\":{\"@type\":\"EntryPoint\",\"urlTemplate\":\"https:\\\/\\\/lumynescence.fr\\\/?s={search_term_string}\"},\"query-input\":{\"@type\":\"PropertyValueSpecification\",\"valueRequired\":true,\"valueName\":\"search_term_string\"}}],\"inLanguage\":\"fr-FR\"},{\"@type\":\"Organization\",\"@id\":\"https:\\\/\\\/lumynescence.fr\\\/#organization\",\"name\":\"LumYnescence\",\"url\":\"https:\\\/\\\/lumynescence.fr\\\/\",\"logo\":{\"@type\":\"ImageObject\",\"inLanguage\":\"fr-FR\",\"@id\":\"https:\\\/\\\/lumynescence.fr\\\/#\\\/schema\\\/logo\\\/image\\\/\",\"url\":\"http:\\\/\\\/lumynescence.fr\\\/wp-content\\\/uploads\\\/2019\\\/06\\\/Logo-Luminescence-Carr\u00e9-Centr\u00e9.png\",\"contentUrl\":\"http:\\\/\\\/lumynescence.fr\\\/wp-content\\\/uploads\\\/2019\\\/06\\\/Logo-Luminescence-Carr\u00e9-Centr\u00e9.png\",\"width\":300,\"height\":300,\"caption\":\"LumYnescence\"},\"image\":{\"@id\":\"https:\\\/\\\/lumynescence.fr\\\/#\\\/schema\\\/logo\\\/image\\\/\"},\"sameAs\":[\"http:\\\/\\\/linkedin.com\\\/in\\\/c\u00e9cile-fontaine-8b40b287\"]}]}<\/script>\n<!-- \/ Yoast SEO plugin. -->","yoast_head_json":{"title":"Quels sont nos outils ? -","description":"Remettre l'Humain au Coeur de l'entreprise","robots":{"index":"index","follow":"follow","max-snippet":"max-snippet:-1","max-image-preview":"max-image-preview:large","max-video-preview":"max-video-preview:-1"},"canonical":"https:\/\/lumynescence.fr\/index.php\/quels-sont-nos-outils\/","og_locale":"fr_FR","og_type":"article","og_title":"Quels sont nos outils ? -","og_description":"Remettre l'Humain au Coeur de l'entreprise","og_url":"https:\/\/lumynescence.fr\/index.php\/quels-sont-nos-outils\/","article_modified_time":"2019-06-21T16:20:11+00:00","og_image":[{"url":"http:\/\/lumynescence.fr\/wp-content\/uploads\/2019\/06\/engrenages2000-1024x361.jpeg","type":"","width":"","height":""}],"twitter_card":"summary_large_image","schema":{"@context":"https:\/\/schema.org","@graph":[{"@type":"WebPage","@id":"https:\/\/lumynescence.fr\/index.php\/quels-sont-nos-outils\/","url":"https:\/\/lumynescence.fr\/index.php\/quels-sont-nos-outils\/","name":"Quels sont nos outils ? -","isPartOf":{"@id":"https:\/\/lumynescence.fr\/#website"},"primaryImageOfPage":{"@id":"https:\/\/lumynescence.fr\/index.php\/quels-sont-nos-outils\/#primaryimage"},"image":{"@id":"https:\/\/lumynescence.fr\/index.php\/quels-sont-nos-outils\/#primaryimage"},"thumbnailUrl":"http:\/\/lumynescence.fr\/wp-content\/uploads\/2019\/06\/engrenages2000-1024x361.jpeg","datePublished":"2019-06-21T11:40:06+00:00","dateModified":"2019-06-21T16:20:11+00:00","description":"Remettre l'Humain au Coeur de l'entreprise","breadcrumb":{"@id":"https:\/\/lumynescence.fr\/index.php\/quels-sont-nos-outils\/#breadcrumb"},"inLanguage":"fr-FR","potentialAction":[{"@type":"ReadAction","target":["https:\/\/lumynescence.fr\/index.php\/quels-sont-nos-outils\/"]}]},{"@type":"ImageObject","inLanguage":"fr-FR","@id":"https:\/\/lumynescence.fr\/index.php\/quels-sont-nos-outils\/#primaryimage","url":"https:\/\/lumynescence.fr\/wp-content\/uploads\/2019\/06\/engrenages2000.jpeg","contentUrl":"https:\/\/lumynescence.fr\/wp-content\/uploads\/2019\/06\/engrenages2000.jpeg","width":2000,"height":706},{"@type":"BreadcrumbList","@id":"https:\/\/lumynescence.fr\/index.php\/quels-sont-nos-outils\/#breadcrumb","itemListElement":[{"@type":"ListItem","position":1,"name":"Accueil","item":"https:\/\/lumynescence.fr\/"},{"@type":"ListItem","position":2,"name":"Quels sont nos outils ?"}]},{"@type":"WebSite","@id":"https:\/\/lumynescence.fr\/#website","url":"https:\/\/lumynescence.fr\/","name":"","description":"","publisher":{"@id":"https:\/\/lumynescence.fr\/#organization"},"potentialAction":[{"@type":"SearchAction","target":{"@type":"EntryPoint","urlTemplate":"https:\/\/lumynescence.fr\/?s={search_term_string}"},"query-input":{"@type":"PropertyValueSpecification","valueRequired":true,"valueName":"search_term_string"}}],"inLanguage":"fr-FR"},{"@type":"Organization","@id":"https:\/\/lumynescence.fr\/#organization","name":"LumYnescence","url":"https:\/\/lumynescence.fr\/","logo":{"@type":"ImageObject","inLanguage":"fr-FR","@id":"https:\/\/lumynescence.fr\/#\/schema\/logo\/image\/","url":"http:\/\/lumynescence.fr\/wp-content\/uploads\/2019\/06\/Logo-Luminescence-Carr\u00e9-Centr\u00e9.png","contentUrl":"http:\/\/lumynescence.fr\/wp-content\/uploads\/2019\/06\/Logo-Luminescence-Carr\u00e9-Centr\u00e9.png","width":300,"height":300,"caption":"LumYnescence"},"image":{"@id":"https:\/\/lumynescence.fr\/#\/schema\/logo\/image\/"},"sameAs":["http:\/\/linkedin.com\/in\/c\u00e9cile-fontaine-8b40b287"]}]}},"_links":{"self":[{"href":"https:\/\/lumynescence.fr\/index.php\/wp-json\/wp\/v2\/pages\/160","targetHints":{"allow":["GET"]}}],"collection":[{"href":"https:\/\/lumynescence.fr\/index.php\/wp-json\/wp\/v2\/pages"}],"about":[{"href":"https:\/\/lumynescence.fr\/index.php\/wp-json\/wp\/v2\/types\/page"}],"author":[{"embeddable":true,"href":"https:\/\/lumynescence.fr\/index.php\/wp-json\/wp\/v2\/users\/1"}],"replies":[{"embeddable":true,"href":"https:\/\/lumynescence.fr\/index.php\/wp-json\/wp\/v2\/comments?post=160"}],"version-history":[{"count":2,"href":"https:\/\/lumynescence.fr\/index.php\/wp-json\/wp\/v2\/pages\/160\/revisions"}],"predecessor-version":[{"id":251,"href":"https:\/\/lumynescence.fr\/index.php\/wp-json\/wp\/v2\/pages\/160\/revisions\/251"}],"wp:attachment":[{"href":"https:\/\/lumynescence.fr\/index.php\/wp-json\/wp\/v2\/media?parent=160"}],"curies":[{"name":"wp","href":"https:\/\/api.w.org\/{rel}","templated":true}]}}